{"id":271,"date":"2023-09-20T15:04:53","date_gmt":"2023-09-20T15:04:53","guid":{"rendered":"https:\/\/prodei-sv.com\/?page_id=271"},"modified":"2023-09-20T15:07:18","modified_gmt":"2023-09-20T15:07:18","slug":"pernos-tension-controlada","status":"publish","type":"page","link":"https:\/\/prodei-sv.com\/index.php\/productos\/pernos-tension-controlada\/","title":{"rendered":"PERNOS TENSI\u00d3N CONTROLADA"},"content":{"rendered":"\t\t<div data-elementor-type=\"wp-page\" data-elementor-id=\"271\" class=\"elementor elementor-271\">\n\t\t\t\t\t\t\t<div class=\"elementor-element elementor-element-0232869 e-flex e-con-boxed e-con e-parent\" data-id=\"0232869\" data-element_type=\"container\" data-settings=\"{&quot;content_width&quot;:&quot;boxed&quot;}\" data-core-v316-plus=\"true\">\n\t\t\t\t\t<div class=\"e-con-inner\">\n\t\t<div class=\"elementor-element elementor-element-ae3abfd e-con-full e-flex e-con e-child\" data-id=\"ae3abfd\" data-element_type=\"container\" data-settings=\"{&quot;content_width&quot;:&quot;full&quot;}\">\n\t\t\t\t<div class=\"elementor-element elementor-element-048ae1b elementor-widget elementor-widget-image\" data-id=\"048ae1b\" data-element_type=\"widget\" data-widget_type=\"image.default\">\n\t\t\t\t<div class=\"elementor-widget-container\">\n\t\t\t<style>\/*! elementor - v3.16.0 - 13-09-2023 *\/\n.elementor-widget-image{text-align:center}.elementor-widget-image a{display:inline-block}.elementor-widget-image a img[src$=\".svg\"]{width:48px}.elementor-widget-image img{vertical-align:middle;display:inline-block}<\/style>\t\t\t\t\t\t\t\t\t\t\t\t<img loading=\"lazy\" decoding=\"async\" width=\"557\" height=\"370\" src=\"https:\/\/prodei-sv.com\/wp-content\/uploads\/2023\/09\/4.jpg\" class=\"attachment-large size-large wp-image-273\" alt=\"\" srcset=\"https:\/\/prodei-sv.com\/wp-content\/uploads\/2023\/09\/4.jpg 557w, https:\/\/prodei-sv.com\/wp-content\/uploads\/2023\/09\/4-300x199.jpg 300w\" sizes=\"auto, 100vw\" \/>\t\t\t\t\t\t\t\t\t\t\t\t\t\t\t<\/div>\n\t\t\t\t<\/div>\n\t\t\t\t<\/div>\n\t\t<div class=\"elementor-element elementor-element-e605507 e-con-full e-flex e-con e-child\" data-id=\"e605507\" data-element_type=\"container\" data-settings=\"{&quot;content_width&quot;:&quot;full&quot;}\">\n\t\t\t\t<div class=\"elementor-element elementor-element-daa7530 elementor-widget elementor-widget-heading\" data-id=\"daa7530\" data-element_type=\"widget\" data-widget_type=\"heading.default\">\n\t\t\t\t<div class=\"elementor-widget-container\">\n\t\t\t<style>\/*! elementor - v3.16.0 - 13-09-2023 *\/\n.elementor-heading-title{padding:0;margin:0;line-height:1}.elementor-widget-heading .elementor-heading-title[class*=elementor-size-]>a{color:inherit;font-size:inherit;line-height:inherit}.elementor-widget-heading .elementor-heading-title.elementor-size-small{font-size:15px}.elementor-widget-heading .elementor-heading-title.elementor-size-medium{font-size:19px}.elementor-widget-heading .elementor-heading-title.elementor-size-large{font-size:29px}.elementor-widget-heading .elementor-heading-title.elementor-size-xl{font-size:39px}.elementor-widget-heading .elementor-heading-title.elementor-size-xxl{font-size:59px}<\/style><h2 class=\"elementor-heading-title elementor-size-default\">ACERCA DEL PRODUCTO<\/h2>\t\t<\/div>\n\t\t\t\t<\/div>\n\t\t\t\t<div class=\"elementor-element elementor-element-85a5924 elementor-widget elementor-widget-text-editor\" data-id=\"85a5924\" data-element_type=\"widget\" data-widget_type=\"text-editor.default\">\n\t\t\t\t<div class=\"elementor-widget-container\">\n\t\t\t<style>\/*! elementor - v3.16.0 - 13-09-2023 *\/\n.elementor-widget-text-editor.elementor-drop-cap-view-stacked .elementor-drop-cap{background-color:#69727d;color:#fff}.elementor-widget-text-editor.elementor-drop-cap-view-framed .elementor-drop-cap{color:#69727d;border:3px solid;background-color:transparent}.elementor-widget-text-editor:not(.elementor-drop-cap-view-default) .elementor-drop-cap{margin-top:8px}.elementor-widget-text-editor:not(.elementor-drop-cap-view-default) .elementor-drop-cap-letter{width:1em;height:1em}.elementor-widget-text-editor .elementor-drop-cap{float:left;text-align:center;line-height:1;font-size:50px}.elementor-widget-text-editor .elementor-drop-cap-letter{display:inline-block}<\/style>\t\t\t\t<p>Los pernos de tensi\u00f3n controlada y el innovador sistema de llave de corte, son el m\u00e9todo de m\u00e1s bajo costo de instalaci\u00f3n correcta, alta resistencia de fricci\u00f3n del mango \/ pernos precargados.<\/p><p>TCB como se les conoce com\u00fanmente en todo el mundo, est\u00e1n reemplazando a los pernos de sujeci\u00f3n de fricci\u00f3n convencionales de alta resistencia y remaches de collar estampado, simplemente porque son r\u00e1pidas y f\u00e1ciles de instalar. La Tensi\u00f3n garantizada junto con la inspecci\u00f3n visual elimina la probabilidad de error del operador y asegura a ingenieros que las conexiones est\u00e9n apretadas seg\u00fan las especificaciones.<\/p><p>TCB de alta resistencia se utilizan en una amplia gama de aplicaciones de placas de empalme puente a las conexiones viga-columna.<\/p><p>La combinaci\u00f3n de resistencia a la tracci\u00f3n superior, junto con resultado de ductilidad incrementado, en un perno universal, que puede ser empleada en casi todas las conexiones de estructuras de acero.<\/p>\t\t\t\t\t\t<\/div>\n\t\t\t\t<\/div>\n\t\t\t\t<\/div>\n\t\t\t\t\t<\/div>\n\t\t\t\t<\/div>\n\t\t\t\t\t\t\t<\/div>\n\t\t","protected":false},"excerpt":{"rendered":"<p>ACERCA DEL PRODUCTO Los pernos de tensi\u00f3n controlada y el innovador sistema de llave de corte, son el m\u00e9todo de m\u00e1s bajo costo de instalaci\u00f3n correcta, alta resistencia de fricci\u00f3n del mango \/ pernos precargados. TCB como se les conoce com\u00fanmente en todo el mundo, est\u00e1n reemplazando a los pernos de sujeci\u00f3n de fricci\u00f3n convencionales &hellip; <\/p>\n<p class=\"link-more\"><a href=\"https:\/\/prodei-sv.com\/index.php\/productos\/pernos-tension-controlada\/\" class=\"more-link\">Read more<span class=\"screen-reader-text\"> &#8220;PERNOS TENSI\u00d3N CONTROLADA&#8221;<\/span><\/a><\/p>\n","protected":false},"author":1,"featured_media":0,"parent":215,"menu_order":0,"comment_status":"closed","ping_status":"closed","template":"","meta":{"footnotes":""},"class_list":["post-271","page","type-page","status-publish","hentry"],"_links":{"self":[{"href":"https:\/\/prodei-sv.com\/index.php\/wp-json\/wp\/v2\/pages\/271","targetHints":{"allow":["GET"]}}],"collection":[{"href":"https:\/\/prodei-sv.com\/index.php\/wp-json\/wp\/v2\/pages"}],"about":[{"href":"https:\/\/prodei-sv.com\/index.php\/wp-json\/wp\/v2\/types\/page"}],"author":[{"embeddable":true,"href":"https:\/\/prodei-sv.com\/index.php\/wp-json\/wp\/v2\/users\/1"}],"replies":[{"embeddable":true,"href":"https:\/\/prodei-sv.com\/index.php\/wp-json\/wp\/v2\/comments?post=271"}],"version-history":[{"count":4,"href":"https:\/\/prodei-sv.com\/index.php\/wp-json\/wp\/v2\/pages\/271\/revisions"}],"predecessor-version":[{"id":276,"href":"https:\/\/prodei-sv.com\/index.php\/wp-json\/wp\/v2\/pages\/271\/revisions\/276"}],"up":[{"embeddable":true,"href":"https:\/\/prodei-sv.com\/index.php\/wp-json\/wp\/v2\/pages\/215"}],"wp:attachment":[{"href":"https:\/\/prodei-sv.com\/index.php\/wp-json\/wp\/v2\/media?parent=271"}],"curies":[{"name":"wp","href":"https:\/\/api.w.org\/{rel}","templated":true}]}}