{"id":262,"date":"2023-09-20T14:49:11","date_gmt":"2023-09-20T14:49:11","guid":{"rendered":"https:\/\/prodei-sv.com\/?page_id=262"},"modified":"2023-09-20T14:55:23","modified_gmt":"2023-09-20T14:55:23","slug":"conectores-de-corte-nelson-stud","status":"publish","type":"page","link":"https:\/\/prodei-sv.com\/index.php\/productos\/conectores-de-corte-nelson-stud\/","title":{"rendered":"CONECTORES DE CORTE NELSON STUD"},"content":{"rendered":"\t\t<div data-elementor-type=\"wp-page\" data-elementor-id=\"262\" class=\"elementor elementor-262\">\n\t\t\t\t\t\t\t<div class=\"elementor-element elementor-element-c3df7cb e-flex e-con-boxed e-con e-parent\" data-id=\"c3df7cb\" data-element_type=\"container\" data-settings=\"{&quot;content_width&quot;:&quot;boxed&quot;}\" data-core-v316-plus=\"true\">\n\t\t\t\t\t<div class=\"e-con-inner\">\n\t\t<div class=\"elementor-element elementor-element-d52b6f5 e-con-full e-flex e-con e-child\" data-id=\"d52b6f5\" data-element_type=\"container\" data-settings=\"{&quot;content_width&quot;:&quot;full&quot;}\">\n\t\t\t\t<div class=\"elementor-element elementor-element-4455ddf elementor-widget elementor-widget-image\" data-id=\"4455ddf\" data-element_type=\"widget\" data-widget_type=\"image.default\">\n\t\t\t\t<div class=\"elementor-widget-container\">\n\t\t\t<style>\/*! elementor - v3.16.0 - 13-09-2023 *\/\n.elementor-widget-image{text-align:center}.elementor-widget-image a{display:inline-block}.elementor-widget-image a img[src$=\".svg\"]{width:48px}.elementor-widget-image img{vertical-align:middle;display:inline-block}<\/style>\t\t\t\t\t\t\t\t\t\t\t\t<img loading=\"lazy\" decoding=\"async\" width=\"665\" height=\"556\" src=\"https:\/\/prodei-sv.com\/wp-content\/uploads\/2023\/09\/3.jpg\" class=\"attachment-large size-large wp-image-264\" alt=\"\" srcset=\"https:\/\/prodei-sv.com\/wp-content\/uploads\/2023\/09\/3.jpg 665w, https:\/\/prodei-sv.com\/wp-content\/uploads\/2023\/09\/3-300x251.jpg 300w\" sizes=\"auto, 100vw\" \/>\t\t\t\t\t\t\t\t\t\t\t\t\t\t\t<\/div>\n\t\t\t\t<\/div>\n\t\t\t\t<\/div>\n\t\t<div class=\"elementor-element elementor-element-4f49e99 e-con-full e-flex e-con e-child\" data-id=\"4f49e99\" data-element_type=\"container\" data-settings=\"{&quot;content_width&quot;:&quot;full&quot;}\">\n\t\t\t\t<div class=\"elementor-element elementor-element-8460a86 elementor-widget elementor-widget-heading\" data-id=\"8460a86\" data-element_type=\"widget\" data-widget_type=\"heading.default\">\n\t\t\t\t<div class=\"elementor-widget-container\">\n\t\t\t<style>\/*! elementor - v3.16.0 - 13-09-2023 *\/\n.elementor-heading-title{padding:0;margin:0;line-height:1}.elementor-widget-heading .elementor-heading-title[class*=elementor-size-]>a{color:inherit;font-size:inherit;line-height:inherit}.elementor-widget-heading .elementor-heading-title.elementor-size-small{font-size:15px}.elementor-widget-heading .elementor-heading-title.elementor-size-medium{font-size:19px}.elementor-widget-heading .elementor-heading-title.elementor-size-large{font-size:29px}.elementor-widget-heading .elementor-heading-title.elementor-size-xl{font-size:39px}.elementor-widget-heading .elementor-heading-title.elementor-size-xxl{font-size:59px}<\/style><h2 class=\"elementor-heading-title elementor-size-default\">ACERCA DEL PRODUCTO<\/h2>\t\t<\/div>\n\t\t\t\t<\/div>\n\t\t\t\t<div class=\"elementor-element elementor-element-24ffd4e elementor-widget elementor-widget-text-editor\" data-id=\"24ffd4e\" data-element_type=\"widget\" data-widget_type=\"text-editor.default\">\n\t\t\t\t<div class=\"elementor-widget-container\">\n\t\t\t<style>\/*! elementor - v3.16.0 - 13-09-2023 *\/\n.elementor-widget-text-editor.elementor-drop-cap-view-stacked .elementor-drop-cap{background-color:#69727d;color:#fff}.elementor-widget-text-editor.elementor-drop-cap-view-framed .elementor-drop-cap{color:#69727d;border:3px solid;background-color:transparent}.elementor-widget-text-editor:not(.elementor-drop-cap-view-default) .elementor-drop-cap{margin-top:8px}.elementor-widget-text-editor:not(.elementor-drop-cap-view-default) .elementor-drop-cap-letter{width:1em;height:1em}.elementor-widget-text-editor .elementor-drop-cap{float:left;text-align:center;line-height:1;font-size:50px}.elementor-widget-text-editor .elementor-drop-cap-letter{display:inline-block}<\/style>\t\t\t\t<p>En los elementos constructivos, los pernos conectores transmiten fuerzas cortantes horizontales a la losa de concreto, propiciando que act\u00faen como una sola unidad (SECCION COMPUESTA), La alta resistencia a la tensi\u00f3n, incrementa la capacidad de carga viva, as\u00ed como el necesitar de hasta un 20% menos de acero.<\/p><p>Adem\u00e1s, si se usan en losas aligeradas, se reduce sensiblemente la altura del edificio. Los procesos modernos de construcci\u00f3n, requieren con frecuencia del uso de cimbra met\u00e1lica muerta, soportada en vigas met\u00e1licas.<\/p><p>Los pernos auto soldables pueden ser colocados sobre la cimbra met\u00e1lica para sujetar \u00e9sta a la estructura.<\/p>\t\t\t\t\t\t<\/div>\n\t\t\t\t<\/div>\n\t\t\t\t<\/div>\n\t\t\t\t\t<\/div>\n\t\t\t\t<\/div>\n\t\t\t\t\t\t\t<\/div>\n\t\t","protected":false},"excerpt":{"rendered":"<p>ACERCA DEL PRODUCTO En los elementos constructivos, los pernos conectores transmiten fuerzas cortantes horizontales a la losa de concreto, propiciando que act\u00faen como una sola unidad (SECCION COMPUESTA), La alta resistencia a la tensi\u00f3n, incrementa la capacidad de carga viva, as\u00ed como el necesitar de hasta un 20% menos de acero. Adem\u00e1s, si se usan &hellip; <\/p>\n<p class=\"link-more\"><a href=\"https:\/\/prodei-sv.com\/index.php\/productos\/conectores-de-corte-nelson-stud\/\" class=\"more-link\">Read more<span class=\"screen-reader-text\"> &#8220;CONECTORES DE CORTE NELSON STUD&#8221;<\/span><\/a><\/p>\n","protected":false},"author":1,"featured_media":0,"parent":215,"menu_order":0,"comment_status":"closed","ping_status":"closed","template":"","meta":{"footnotes":""},"class_list":["post-262","page","type-page","status-publish","hentry"],"_links":{"self":[{"href":"https:\/\/prodei-sv.com\/index.php\/wp-json\/wp\/v2\/pages\/262","targetHints":{"allow":["GET"]}}],"collection":[{"href":"https:\/\/prodei-sv.com\/index.php\/wp-json\/wp\/v2\/pages"}],"about":[{"href":"https:\/\/prodei-sv.com\/index.php\/wp-json\/wp\/v2\/types\/page"}],"author":[{"embeddable":true,"href":"https:\/\/prodei-sv.com\/index.php\/wp-json\/wp\/v2\/users\/1"}],"replies":[{"embeddable":true,"href":"https:\/\/prodei-sv.com\/index.php\/wp-json\/wp\/v2\/comments?post=262"}],"version-history":[{"count":4,"href":"https:\/\/prodei-sv.com\/index.php\/wp-json\/wp\/v2\/pages\/262\/revisions"}],"predecessor-version":[{"id":267,"href":"https:\/\/prodei-sv.com\/index.php\/wp-json\/wp\/v2\/pages\/262\/revisions\/267"}],"up":[{"embeddable":true,"href":"https:\/\/prodei-sv.com\/index.php\/wp-json\/wp\/v2\/pages\/215"}],"wp:attachment":[{"href":"https:\/\/prodei-sv.com\/index.php\/wp-json\/wp\/v2\/media?parent=262"}],"curies":[{"name":"wp","href":"https:\/\/api.w.org\/{rel}","templated":true}]}}